t n = 92 - 90. Let f(k) = -3*k - 6. Let a be f(-3). Suppose a*t + n*t - 740 = 0. List the prime factors of t.
2, 37
Let w(v) = 12*v**3 + 32*v**2 + 17*v - 17. List the prime factors of w(8).
8311
Suppose -4*u - n + 48 = -15, -5*u - 3*n = -70. Suppose 0 = u*s - 5175 - 656. What are the prime factors of s?
7
Let b(t) = -223*t**2 + 13*t + 20. Let r be b(-2). Let g = -445 - r. What are the prime factors of g?
3, 151
Let z = 61548 + -35181. What are the prime factors of z?
3, 11, 17, 47
List the prime factors of ((-247)/114)/(3/(-55833)) + (-5)/(-30).
2, 17, 593
Let u = -291 + 293. Suppose 3*j + 6*t = u*t + 246, 5*j - 3*t - 439 = 0. What are the prime factors of j?
2, 43
Suppose 5*n = 3*s - 206954 - 65786, -4*n = 20. List the prime factors of s.
5, 18181
What are the prime factors of (56/(-12 - -26) + 7)*6168?
2, 3, 11, 257
Let v = -88 - -95. Suppose 5 = 3*d + 4*r, v*r - 4*r = 2*d - 9. Suppose 5*y = d*l - 190, -3*l - l + 259 = -y. List the prime factors of l.
5, 13
List the prime factors of ((-80)/48)/((-15)/235332).
2, 3, 2179
Let d = 28 + 1162. List the prime factors of d.
2, 5, 7, 17
Let p = 169 + -271. Let o = p + 37. List the prime factors of 2/4*2 - (o - 0).
2, 3, 11
Let m = -6308 - -12922. What are the prime factors of m?
2, 3307
Suppose -2*l = -4*j + 816, 8*j - 9*j + 2*l + 210 = 0. What are the prime factors of j?
2, 101
Suppose -3640*b + 3577*b = -1981413. List the prime factors of b.
7, 4493
Let f = 55 + -90. Let j = f + 42. Let y(d) = 12*d - 4. What are the prime factors of y(j)?
2, 5
Let u(q) = 6*q**2 - 35*q + 86. Let r be u(14). Let i be (-1)/((-15)/6 - -2). Suppose i*k - 2*v = 340, -72 - r = -5*k + 3*v. List the prime factors of k.
167
Suppose v - 7500 = 4*z, 9*v - 6*v = -4*z + 22404. List the prime factors of v.
2, 3, 7, 89
Let v(x) = 75*x**3 + 13*x**2 - 14*x - 11. Let r(p) = -37*p**3 - 7*p**2 + 8*p + 6. Let m(z) = 11*r(z) + 6*v(z). List the prime factors of m(3).
2, 3, 197
Let d = 10594 + 543. What are the prime factors of d?
7, 37, 43
Suppose -3*o = -3*u - 51336, 51329 = 114*o - 111*o - 2*u. List the prime factors of o.
5, 11, 311
Suppose a - 4*n = 2319 - 282, -3*n = 5*a - 10093. What are the prime factors of a?
43, 47
Let v(t) = -11*t**2 - 2*t - 5. Let p be v(3). Let r = 110 + p. List the prime factors of (r - -1) + (232 - (-4 - 0)).
3, 79
Suppose 6*s + 2791 = 16303. Suppose 18*f = -308 + s. List the prime factors of f.
2, 3
Suppose -37*u = -41*u + 5*b + 51871, -2*b = -u + 12970. What are the prime factors of u?
2, 7, 463
Let p(t) = t + 392. Let x be p(0). Let m = x - 117. Suppose 45*g - m = 40*g. List the prime factors of g.
5, 11
Suppose -3*z + 3509 = r, 139*r + 3*z - 24509 = 132*r. What are the prime factors of r?
2, 5, 7
Suppose -27*l = 23*l - 484100. What are the prime factors of l?
2, 47, 103
Suppose -14103*a + 56772 = -14099*a. List the prime factors of a.
3, 19, 83
Suppose 204*p - 3654 = 197*p. What are the prime factors of p?
2, 3, 29
Let f(k) = 6*k**2 - 46*k - 1311. List the prime factors of f(51).
3, 7, 569
Let s = 3116 + -2028. Suppose 7*x - 627 = s. Let i = x - 78. What are the prime factors of i?
167
Suppose 52*g - 102*g + 11422 = -49*g. What are the prime factors of g?
2, 5711
Let t(s) = -s**3 + 13*s**2 + 11*s + 8. Let y be t(14). Suppose -k - 10*l = -7*l - 155, 4*k - 688 = 5*l. Let u = k + y. List the prime factors of u.
7, 19
Suppose -18 + 10 = -2*y. Suppose -1559 = -2*g + 5*n - 2*n, -4*g + 3128 = y*n. List the prime factors of g.
11, 71
Suppose 50459 = 3*p + 16067. Let c be ((-21)/(-18))/7 + p/48. Suppose -101 = -4*a + c. List the prime factors of a.
5, 17
Let c(r) be the third derivative of r**5/60 - 11*r**4/24 + 14*r**3/3 - 3*r**2. Let w be c(15). Suppose 0 = -5*m + w + 82. List the prime factors of m.
2, 17
Suppose -3*r = 4*i + 32, 2*i + 26 = -4*r - 0*r. Let h(v) = -3*v**2 - 21*v**3 + 22*v**3 + 9*v**2 - 9 + 2*v. List the prime factors of h(r).
3, 5
Let b(j) = 178*j**2 - 34*j + 380. List the prime factors of b(18).
2, 5, 359
Let p(n) = 1811*n**2 + 841*n + 3. What are the prime factors of p(-3)?
3, 1531
Suppose 25 = 2*a - z, -9 = -a + 4*z - 7*z. Suppose -48*x = -50*x + a. Suppose 0 = 5*q + 2*s - 379, 2*q - x*q = 3*s - 299. What are the prime factors of q?
7, 11
Let m = -31 - -34. Let j be (14/(-21) - (-2)/m) + 4. What are the prime factors of (-2015)/(-10) + j/(-8)?
3, 67
Let m(p) = p**3 - 10*p**2 + 3*p - 10. Let d be m(20). Suppose 17*o - d = 7*o. What are the prime factors of o?
3, 5
Let j(m) = m**3 + 4*m**2 + m - 2. Let z be j(-3). Suppose 5 = u + 2*x + 1, 0 = -u + 4*x + z. Suppose u*h - 146 = -6. What are the prime factors of h?
5, 7
Let o(w) = 146*w**2 - 677*w - 93. List the prime factors of o(21).
2, 3, 13, 107
Suppose -148 = -4*w - 128. Let q(o) = 21*o**2 - o**3 + 9 + 10 - w + 0 + 2*o. List the prime factors of q(21).
2, 7
Let c = 105 + -103. Suppose 0 = c*p - 455 - 477. What are the prime factors of p?
2, 233
Let d = 63 - 50. Let b = d - 0. Let t = -9 + b. List the prime factors of t.
2
Let v(m) = m**3 - m**2 - 5*m - 179. Let f be v(0). Let x = f - -520. What are the prime factors of x?
11, 31
Suppose 2156214 = 40*h + 94*h - 16*h. List the prime factors of h.
3, 6091
Let z = -7347 + 23192. List the prime factors of z.
5, 3169
Let o(b) = -15*b**3 + 2*b**2. Let c = 21 + -24. Let k be o(c). Suppose -80*i + 77*i = -k. What are the prime factors of i?
3, 47
What are the prime factors of (((-8115)/(-4))/5)/((816/(-3712))/(-17))?
2, 29, 541
Let r(h) be the third derivative of h**5/30 - 5*h**4/6 - 43*h**3/3 + 76*h**2. What are the prime factors of r(-17)?
2, 13
Let h be ((-8)/5)/(3/45*-2). Suppose -17*k = -h*k - 910. Suppose 2*t - 284 - k = 0. List the prime factors of t.
233
Let n = 20 - 17. Suppose n*r = 463 + 575. What are the prime factors of r?
2, 173
Let a(p) = 112*p**2 - 110*p + 990. List the prime factors of a(9).
2, 3, 7
Let x = 52 - 50. Suppose 2*t - 240 = -x*t. Suppose -4*c = -t - 52. What are the prime factors of c?
2, 7
Let j be 4/(-2) + (26 - 22). Let n = 2 - 2. Suppose n = -x - x + 5*z + 76, -j*z = 4. What are the prime factors of x?
3, 11
Let h(z) = 8*z**2 - 60*z + 42. Suppose 13 = w + 5*n, -3*w - 3*n = 2*w - 87. List the prime factors of h(w).
2, 3, 7, 37
Let y(w) = 36*w**2 + 17*w - 1836. List the prime factors of y(-33).
3, 12269
Let y(v) = v**3 + 52*v**2 - 109*v - 253. What are the prime factors of y(-52)?
3, 5, 19
Let q be (-1*1)/((-1054)/(-211) + -5). Let s = 62 - q. Let u = -77 - s. List the prime factors of u.
2, 3
Let p(t) = 159*t**2 + 18. Let k be p(-6). List the prime factors of k/30 + (-6)/(-10) + -1.
191
Let r = -562 + 953. Suppose 7*u - 414 = r. What are the prime factors of u?
5, 23
List the prime factors of (-24)/6 + (-88716)/(-12).
3, 821
Let r(n) = -n + 2. Suppose 0 = 6*s - 2 + 2. Let p be r(s). Suppose -k - 110 = -p*k. What are the prime factors of k?
2, 5, 11
List the prime factors of (23 - -17500)/((-9)/(-9)).
3, 11, 59
Suppose 21*p = 20*p + 241. Suppose 2*o + p = 1237. What are the prime factors of 2/(-4) - o/(-4)?
2, 31
Suppose -15*z + 66 = -39. Let q = 34 - z. List the prime factors of q*8/(7 - 3).
2, 3
Suppose 3*z - 4*p = p - 40, -22 = 2*z - p. List the prime factors of 9/(-6) - 2255/z.
2, 7
Let g(z) = 29*z - 85. Let v be g(3). Suppose 3*w + 4*m - 869 = 575, 4*w - v*m - 1940 = 0. What are the prime factors of w?
2, 11
Let n(a) = -a**3 - 21*a**2. Let t be -1 + 1*(-22 - -2). Let m be n(t). What are the prime factors of -3 + m + 5 - (-13 + 4)?
11
Let w(r) = 115*r + 10. Let q be w(-1). Let g = 749 + q. What are the prime factors of g?
2, 7, 23
Suppose -9*u + 90 = 18. What are the prime factors of (-1)/u - (-286722)/272?
2, 17, 31
What are the prime factors of (-7)/(-5) + -2 + (-72261)/(-35)?
2, 3, 43
Suppose -7*s = -43738 + 2137. What are the prime factors of s?
3, 7, 283
Let l be -3 - (3*95)/(-3). Suppose -4*m = 5*z + 178, -2*z - 2*z - l = 2*m. Let b = m - -77. What are the prime factors of b?
5, 7
Suppose 58*l = -105*l + 2546332 + 3303412. What are the prime factors of l?
2, 2243
Let i = 31119 + -28541. List the prime factors of i.
2, 1289
Let f(t) = -214*t + 2095. What are the prime factors of f(-26)?
3, 23, 37
Suppose 2*a + m = 361, 3 = m + 2. List the prime factors of a/(-24)*456/(-9).
2, 5, 19
Suppose 0 = -5*h - 3*s + 1844 + 1114, -2*h + 1208 = -5*s. Suppose 49*b - 5